culate the remainder when y(-5) is divided by f.
13
Suppose 96 = 2*p - 4*h, 53*p - 4*h = 56*p - 174. Calculate the remainder when 482 is divided by p.
50
Suppose -2*j + 16 = -6. Let n = -124 - -188. Calculate the remainder when n is divided by j.
9
Suppose -2*c + 5*c - 7 = o, 0 = 2*o - 4*c + 16. Let p(l) = -l**2 - 14*l - 23. Calculate the remainder when 24 is divided by p(o).
7
What is the remainder when ((-185)/10)/(8/(-48)) is divided by 40?
31
Let z = 631 - 571. Calculate the remainder when z is divided by 16.
12
What is the remainder when (8/8)/((-7)/((-1400)/2)) is divided by 4?
0
Suppose -18 = 8*k - 82. Suppose 0 = 2*c + 4*f - 10, -4*c + c = f - 35. What is the remainder when c is divided by k?
5
Let y(i) = 6*i - 2. Suppose -4*r + 5*b + 336 = 3*b, 0 = -5*r - b + 406. Suppose -9*g + 53 = -r. What is the remainder when y(5) is divided by g?
13
Suppose 5*p - 3*q = 148, 0 = -551*p + 553*p - q - 59. What is the remainder when 549 is divided by p?
27
Let b(r) = -r**2 + 26*r - 137. Let l(p) be the first derivative of -12*p**2 - 2*p - 3. What is the remainder when l(-2) is divided by b(9)?
14
Let h(l) = -3*l**3 - 5*l**2 + 4*l + 7. Suppose 8*u = 3*u + 70. What is the remainder when h(-5) is divided by u?
13
Let g = 10 + 2. What is the remainder when 9 is divided by ((-5)/4)/((-3)/g)?
4
What is the remainder when 4 is divided by 2/(-23) - (-1104)/529?
0
Suppose -4*b - 730 + 238 = 0. Let t = -56 - b. Calculate the remainder when t is divided by 10.
7
Let k(b) = 20*b. Let r be k(-3). Calculate the remainder when (10 - -2)/(-4) - r is divided by 30.
27
Let j = 97 - 100. Calculate the remainder when 77 is divided by (-21 + -1 + -2)/(j/2).
13
Let i(x) = -3*x**3 - 3*x**2. Let y(q) = 2*q**2 + 8*q + 7. Let r be y(-3). Let f = r - -45. Calculate the remainder when f is divided by i(-2).
10
Suppose 4 = -5*g + 2*m, 7*m - 4*m = -3*g + 6. Suppose 5*b + g*b = 3*z + 33, 3*z + 24 = 4*b. What is the remainder when 35 is divided by b?
8
Let o = -1015 - -1024. What is the remainder when 33 is divided by o?
6
Suppose -2*c - l = 3*c - 191, 0 = -4*c + l + 160. Calculate the remainder when c is divided by (-26)/(-91) - (-145)/7.
18
Let l be 6/(-10) - (-6)/10. Suppose 0 = -l*b - 5*b + 105. Suppose 0 = c - b + 2. What is the remainder when 74 is divided by c?
17
Suppose -9*s - 404 = -593. What is the remainder when 159 is divided by s?
12
Let w(u) = 75*u + 13. Let b be w(5). Suppose 5*o + 9*r - 14*r - 395 = 0, 2*r = -5*o + b. Calculate the remainder when o is divided by 20.
18
Suppose 0 = -28*n + 1453 + 3111. What is the remainder when n is divided by 32?
3
Let f(v) = -v**3 - 6*v**2 + 25*v - 9. What is the remainder when 80 is divided by f(-9)?
8
Let d(x) = x**3 + 6*x**2 - 9*x - 11. What is the remainder when 17 is divided by d(-7)?
2
Let t = -54 + 57. Suppose -t*q = -7*q + 132. Calculate the remainder when q is divided by 12.
9
What is the remainder when 112 is divided by 1*(-2)/6 + 9396/486?
17
Let c be (-13*3/3)/(7/(-231)). Suppose 116 = 5*l - c. What is the remainder when l is divided by 11?
10
Suppose -24*w = -39*w + 270. What is the remainder when w is divided by 10?
8
Let f = 41 + 36. Suppose -3*o + 49 = -f. What is the remainder when 10 is divided by o/9*15/10?
3
Let u = -38 + 85. Suppose u = 3*p + 5*i - 2, 41 = 2*p + 5*i. Let v = p - 1. Calculate the remainder when 20 is divided by v.
6
Let q(l) = -22*l**3 - 18*l**2 - 9 + 12*l**3 - 2*l + 9*l**3. Calculate the remainder when q(-18) is divided by 15.
12
Let j = -62 - 24. What is the remainder when j*2/(-12)*3 is divided by 15?
13
Let f be (16/6)/((-18)/(-27)). Suppose 2*u = -f*n + 9 + 109, 4*n = -3*u + 115. Calculate the remainder when n is divided by 12.
7
Suppose 4*d + 0*d + 5*y - 55 = 0, -y = -4*d + 61. What is the remainder when 118 is divided by d?
13
Suppose -16*v - 8*v = -456. What is the remainder when 397 is divided by v?
17
Calculate the remainder when 239 is divided by 0 + 84*24/32.
50
Suppose -256 = -4*a + 4*d, -8*a - d = -4*a - 261. Calculate the remainder when a*4/(2 + 2) + 2 is divided by 17.
16
Let j(o) = -o**2 - 10*o - 3. Let w(x) = x**3 - 11*x**2 + 10*x + 6. Let k be w(10). Suppose 2*g = k - 16. Calculate the remainder when 41 is divided by j(g).
19
Let c be 4 + (6/3 - 0). Let q be 1/6 - 1/c. Suppose 5*z + 15 = q, 3*o + 3*z - 7*z - 75 = 0. Calculate the remainder when o is divided by 6.
3
Let p be (-1 - 2*9/(-12))*-90. Let i = -28 - p. Calculate the remainder when 59 is divided by i.
8
Suppose 1311 = -13*v - 223. Let h = -114 - v. What is the remainder when 5 is divided by h?
1
Let c = -172 - -176. Calculate the remainder when 5 is divided by c.
1
Suppose 0*j - 5*j = -20. Let u(w) = w**2 + 9*w + 7. Let a be u(-8). What is the remainder when 10 - (1 + -1)*a is divided by j?
2
Suppose 5*b + 45 = w + 6*b, 0 = -3*w + 3*b + 141. Let g be 2/7 + 86/(-7). Let f = g + 24. Calculate the remainder when w is divided by f.
10
Suppose -i = 1, 4*i = 3*c + 5*i - 8. Suppose -c*h + 6*h = 162. Calculate the remainder when h is divided by 14.
12
Let i = -28 - -31. Let s(x) = -69*x**3 - 5*x**2 + 7*x - 1. Let w be s(i). What is the remainder when w/(-56) + (-2)/(-7) is divided by 18?
16
Let v = -2 - -7. Let p(y) = v - 10*y + y**2 - 5. What is the remainder when 43 is divided by p(11)?
10
Let f(b) = -b**3 + 4*b**2 + 7. Let o be (-112)/(-18) - 4/18. Let y = 25 - o. Calculate the remainder when y is divided by f(4).
5
Suppose -3*l + 91 + 62 = 0. Suppose 3*p - 2*g - 39 = 0, -4*p = -g - 4*g - 52. What is the remainder when l is divided by p?
12
Let w = -303 - -449. What is the remainder when w is divided by 21?
20
Let p be (138/((-3)/(-1)))/(-2). Let r = p - -29. Suppose r = 4*h - 70. Calculate the remainder when h is divided by 5.
4
Let j be (3/9)/((-2)/6). Calculate the remainder when (2 - 1)*(104 - j)/3 is divided by 13.
9
Let g(y) = y**2 + 19*y + 24. Let u be g(-18). Suppose u*f - 8*f + 182 = 0. Calculate the remainder when f is divided by 24.
19
Suppose 5*r - 84 = -2*r. Let h = 13 - 10. Suppose 78 = -0*j + j + 4*v, 154 = h*j - 4*v. Calculate the remainder when j is divided by r.
10
Suppose 3*u = 2*r + 28, -5*r = 4*u - 2*r - 43. What is the remainder when u is divided by 5?
0
Suppose 2*z - 7 = -3. Suppose z*i = -3*y + 204, -y = -0*y + 3*i - 68. What is the remainder when y is divided by 14?
12
Let g(k) = -5*k + 65. Calculate the remainder when 201 is divided by g(12).
1
Suppose -a + 5*f + 279 = 0, -5*a = -0*f - f - 1515. Calculate the remainder when a is divided by 61.
60
Suppose 0 = -38*g + 506 + 1964. Suppose -2*a - 5*r + 29 = 0, -3*r - 3 = -2*r. Calculate the remainder when g is divided by a.
21
Let j(p) = -p**3 - 4*p**2 + 5*p - 1. Let w be j(-5). What is the remainder when ((-52)/(-8))/(27/108) is divided by w/(-2 - 34/(-18))?
8
Let l be (18/(-9))/((-2)/4). Suppose 2*j = -l*j + 6. Suppose 3 - j = 2*n, -5*n = -2*d + 3. What is the remainder when d is divided by 3?
1
Let h(w) = -w**3 + 3*w**2 + w. Let g be h(-2). Suppose 3*s + g = 9*s. What is the remainder when (-2)/10 + (-32)/(-10) is divided by s?
0
Let y = -663 - -848. Calculate the remainder when y is divided by 12.
5
Let o(l) = -l**2 - l - 2. Let a be o(6). Let y = a - -52. Let u(k) = 9*k + 2. Calculate the remainder when u(3) is divided by y.
5
Let f = 185 - -38. Calculate the remainder when f is divided by 16.
15
Suppose 2*j = -2*j - 4*b + 584, 0 = 5*j + 3*b - 730. What is the remainder when j is divided by 37?
35
Let s(v) = -v**3 - 13*v**2 + 16*v + 33. Let l be s(-14). Suppose -41 = -2*n + 5*r, -l*r = 2*n + 3*n - 15. What is the remainder when n is divided by 5?
3
Suppose -3*f = 3*f - 444. Calculate the remainder when 143 is divided by f.
69
Suppose 3*o - 4*y - 1170 = 0, -o + 2*o = 2*y + 388. What is the remainder when o is divided by 33?
31
Let r(s) = s + 21. Let i be r(-9). Suppose d - i = -6. Let c = -2 - -13. What is the remainder when c is divided by d?
5
Let i(q) = q**2 + 2*q + 2. Let h be i(-12). Let w = -38 + h. What is the remainder when w is divided by 22?
18
Suppose -g + 78 = 4*i, -3*g + 273 = -0*g - i. Let a = g + -29. Let q = 16 - -5. What is the remainder when a is divided by q?
19
Let z = -31 - -245. Calculate the remainder when z is divided by 7.
4
Let l be (-2)/3*(-9)/6. Suppose 2*j + l = 3. What is the remainder when -2 - (j - 19 - -3) 